e
Is 13778365838 a composite number?
True
Is 1339617623 a composite number?
True
Is 2071690183 composite?
True
Is 100988392889 prime?
True
Is 37941358201 composite?
False
Is 4488752482 a composite number?
True
Is 714597553 prime?
True
Is 4597831481 composite?
False
Is 802942619 composite?
False
Is 730208701 a prime number?
False
Is 12732631417 a composite number?
True
Is 370288367 a prime number?
True
Is 5049323711 a composite number?
False
Is 46414663301 prime?
True
Is 50499934687 composite?
True
Is 15812805781 prime?
True
Is 734438305 prime?
False
Is 60802151638 a prime number?
False
Is 41243441 a prime number?
True
Is 55938145409 a prime number?
True
Is 57823291 a composite number?
False
Is 7140828361 composite?
True
Is 45008333683 a composite number?
True
Is 772508257 prime?
False
Is 610807529 a composite number?
False
Is 10418647 composite?
False
Is 22832965481 prime?
True
Is 2136769517 prime?
False
Is 8678087111 composite?
False
Is 3660323935 composite?
True
Is 556732313 prime?
False
Is 87535709 a composite number?
False
Is 161994936299 composite?
True
Is 100989787 composite?
True
Is 297355847 prime?
False
Is 12721978223 composite?
True
Is 74142916361 prime?
True
Is 5388233209 a prime number?
False
Is 5049492223 a prime number?
True
Is 248919431 a composite number?
False
Is 22371470483 a prime number?
True
Is 17705550623 a composite number?
False
Is 1789301389 a composite number?
True
Is 416536709 a prime number?
True
Is 70450207 composite?
True
Is 320309819 a composite number?
False
Is 849875473 composite?
False
Is 4046898851 composite?
False
Is 4183206191 prime?
True
Is 1396266163 composite?
False
Is 3057284647 a prime number?
False
Is 19959577 a composite number?
True
Is 19990741171 composite?
True
Is 33357002249 prime?
False
Is 9565394239 composite?
False
Is 1337465639 composite?
False
Is 47705635457 a composite number?
False
Is 297531613 composite?
False
Is 11642662903 composite?
False
Is 42051238477 a composite number?
False
Is 1263488441 composite?
False
Is 76824329 prime?
True
Is 236623363 prime?
True
Is 3373282753 a composite number?
True
Is 1333492723 prime?
True
Is 35709761161 composite?
False
Is 1002016577 a composite number?
False
Is 2455048879 composite?
False
Is 3653690593 a composite number?
True
Is 23206108487 prime?
True
Is 36690983 a composite number?
True
Is 48415755871 a composite number?
True
Is 4067651207 a composite number?
False
Is 3489862451 a composite number?
False
Is 11119244693 a prime number?
True
Is 1380553165 prime?
False
Is 1061279993 composite?
True
Is 40221017 prime?
True
Is 1134993883 prime?
True
Is 1352696923 composite?
True
Is 142168969 a composite number?
False
Is 1882784737 a prime number?
True
Is 36010454333 a prime number?
False
Is 45391147303 a prime number?
False
Is 1143777241 a prime number?
True
Is 4298549771 composite?
False
Is 687080417 prime?
False
Is 70285994531 a composite number?
False
Is 14137609597 a prime number?
False
Is 62629103 a prime number?
True
Is 960596639 a composite number?
False
Is 1661273161 a composite number?
False
Is 10698399357 composite?
True
Is 2285719781 a composite number?
False
Is 419616019 prime?
True
Is 911794069 a prime number?
True
Is 121192409 prime?
False
Is 227409431 prime?
True
Is 6215073245 a composite number?
True
Is 155569433 a prime number?
False
Is 43841768603 a prime number?
True
Is 61698417437 a prime number?
True
Is 44728798259 composite?
True
Is 10767629339 a prime number?
True
Is 9542490863 composite?
True
Is 11988239891 composite?
True
Is 5832378287 prime?
True
Is 26297898091 a composite number?
False
Is 1420011253 a composite number?
True
Is 4710515699 a composite number?
True
Is 59967205121 prime?
True
Is 23422829869 a composite number?
True
Is 797116223 a prime number?
True
Is 4248968749 composite?
True
Is 310669771 a prime number?
False
Is 5115920351 prime?
True
Is 13329193691 a prime number?
False
Is 164244089 composite?
True
Is 42836001613 a prime number?
True
Is 42834499 a prime number?
True
Is 347529151 a prime number?
True
Is 139842815513 prime?
True
Is 562759081 a composite number?
True
Is 208018709 a prime number?
False
Is 6695343839 composite?
False
Is 118401509 a composite number?
True
Is 29901239601 a prime number?
False
Is 5500929463 a composite number?
True
Is 1695348113 a composite number?
False
Is 3207372799 composite?
False
Is 748657387 a composite number?
True
Is 1289259523 a composite number?
False
Is 76004188063 prime?
False
Is 1214711831 prime?
True
Is 5578245457 a composite number?
False
Is 1927346107 a prime number?
False
Is 1785223901 composite?
False
Is 33199629847 prime?
False
Is 9130634119 prime?
False
Is 45664241617 prime?
False
Is 40735945 a composite number?
True
Is 2816719537 composite?
True
Is 976379057 a composite number?
False
Is 3484232699 prime?
True
Is 5315308381 a composite number?
False
Is 125554063 a prime number?
True
Is 2214051101 composite?
False
Is 18821176613 a composite number?
True
Is 1157452291 a composite number?
True
Is 12586159 composite?
True
Is 407146469 composite?
False
Is 467002063 composite?
True
Is 2044981567 a composite number?
True
Is 1583618111 prime?
False
Is 9898445189 a composite number?
False
Is 8391970823 a prime number?
False
Is 1840675789 a prime number?
False
Is 6155861953 a prime number?
True
Is 352640009 prime?
True
Is 321143299 a prime number?
False
Is 10994403587 a prime number?
True
Is 1739031479 composite?
True
Is 5719511101 a composite number?
True
Is 23737922419 a composite number?
False
Is 1683540413 a prime number?
False
Is 122638667 a composite number?
True
Is 57579617813 prime?
True
Is 2094664337 composite?
False
Is 3002121679 a composite number?
True
Is 8387424643 a composite number?
True
Is 207542366 a prime number?
False
Is 5932350469 composite?
False
Is 621442358 a composite number?
True
Is 1782977173 a composite number?
False
Is 2232397619 a prime number?
False
Is 11590290011 composite?
True
Is 4746743 a prime number?
True
Is 66007176523 composite?
True
Is 822154211 a prime number?
False
Is 49775622721 a prime number?
False
Is 113088026894 a prime number?
False
Is 1058976283 composite?
False
Is 24444154697 a prime number?
True
Is 50503885801 a prime number?
True
Is 246844383 a composite number?
True
Is 26857541 a prime number?
True
Is 1256403989 a composite number?
True
Is 121570111633 composite?
False
Is 31844289407 a composite number?
True
Is 1464765811 composite?
False
Is 29874093037 composite?
False
Is 50149104677 a prime number?
False
Is 22632677351 composite?
False
Is 600607009 a prime number?
True
Is 5451008191 a prime number?
True
Is 36974554723 composite?
True
Is 4638265881 prime?
False
Is 283995241 prime?
False
Is 541351511 composite?
False
Is 80312308829 prime?
True
Is 8492507021 a prime number?
False
Is 1665308987 composite?
True
Is 1753599301 prime?
True
Is 142127327137 a composite number?
False
Is 4751870243 a prime number?
False
Is 1189097467 composite?
False
Is 388061665 a composite number?
True
Is 2160751322 composite?
True
Is 2303764201 composite?
True
Is 71380112569 prime?
True
Is 344173153 prime?
True
Is 209688989999 a prime number?
True
Is 3819244937 prime?
True
Is 1100210161 prime?
True
Is 1037787689 prime?
True
Is 3939727438 prime?
False
Is 13399045411 prime?
True
Is 2498316027 a prime number?
False
Is 12822472363 a composite number?
True
Is 3187456799 a composite number?
False
Is 922221085 a prime number?
False
Is 1072982917 composite?
False
Is 10845263887 prime?
True
Is 9820562299 prime?
False
Is 546473771 composite?
False
Is 1160380667 composite?
False
Is 131843453 a composite number?
True
Is 311083438 prime?
False
Is 9769089511 prime?
False
Is 62186092603 prime?
True
Is 5642961483 a prime number?
False
Is 1750592671 a composite number?
False
Is 205293033589 a composite number?
True
Is 18657106133 a prime number?
True
Is 31967246497 prime?
True
Is 89359618783 a composite number?
True
Is 33272497649 a composite number?
False
Is 1917824357 composite?
False
Is 5062373331 a composite number?
True
Is 2160463309 a composite number?
True
Is 62918151631 prime?
False
Is 133123801 prime?
True
Is 347281369 a composite number?
False
Is 496798141 a composite number?
True
Is 237693941 composite?
True
Is 1924459127 prime?
True
Is 245845529 pr